+ 2. What is v(x)?
-10
Suppose -12 = -2*w - 0*w. Let d be (2 - (-1 + w)) + 8. Let j(g) = 2*g - 3. Give j(d).
7
Let z(b) be the first derivative of -b**4/4 - b**3 - b**2 - 3*b - 4. Calculate z(-2).
-3
Let u(x) = -2*x**3 - 2*x**2 - 2*x + 6. Let b(l) = -3*l**3 - l**2 - 2*l + 6. Let w(m) = -3*b(m) + 4*u(m). Calculate w(5).
-4
Let a(v) = -v. Suppose 0 = -5*f - 5*u + 9 + 6, -f = -3*u - 19. Determine a(f).
-7
Let q = -6 - -9. Let t(x) = x**3 + 6*x**2 + x. Let l(n) = 2*n**3 + 12*n**2 + 3*n - 1. Let z(w) = q*l(w) - 5*t(w). What is z(-5)?
2
Let s(x) = -1 + x**3 - 3 + 0*x**3 + 3*x**2 - 3*x. Let f be 3*(6/(-12) - 2/4). What is s(f)?
5
Suppose 4 = -3*y - 14. Let x = y - -8. Let h(l) = 10*l**3 - 3*l**3 + 3*l**2 - 5*l**2 + 3*l**x. Determine h(-1).
-6
Let g(h) = -h**3 + 4*h**2 - 2*h - 4. Let w be (-3)/6 - (-14)/4. Let p be 2/w - 14/(-6). Calculate g(p).
-1
Let m(s) = -s + 1. Suppose -g + 3 = -2. Let n = g - 10. What is m(n)?
6
Let z(p) be the third derivative of 0*p**5 - 1/40*p**6 + 2*p**2 + 0*p**3 + 0*p + 0 + 1/24*p**4. What is z(1)?
-2
Suppose -2*q - 15 = 3*m, 0 = m - 3*m + 2*q - 20. Let w = -4 - m. Let u(v) = -1 + 0*v - 5*v**w + v**2 + 4*v**3 + v + 0*v**2. Determine u(-2).
9
Let w(d) = 1 + 2*d - 3*d + 0 + 0. Let f be (0 + -5)*(-3 - -4). Give w(f).
6
Let j = 21 + -14. Let o(f) = -f**2 - 9 + j - 1. What is o(0)?
-3
Let j(k) = 6*k - 6. Let t(d) = 3*d - 5. Let b(u) = -3*j(u) + 4*t(u). Suppose 3*p + p = 3*q - 8, -6 = 3*p - 5*q. What is b(p)?
10
Let z(g) = g**2 - g + 4. Let f(v) = v + 1. Let q(h) = 3*f(h) - z(h). Suppose 7 = -4*l - 0*a + a, -3*l + 2*a - 9 = 0. Let d be 1*(6 + l/1). Determine q(d).
-6
Let n(o) = o**2 - 7*o - 8. Suppose 20*b - 15*b - 40 = 0. Determine n(b).
0
Let p(d) = -d + 4. Let r be p(4). Let k(i) be the second derivative of -i**4/12 - i**3/6 + 3*i**2/2 - 2*i. What is k(r)?
3
Suppose 7*l - 3*l - 16 = 0. Let a(w) = -w**2 + 4*w + 3. Determine a(l).
3
Let w(t) = t**3 + 4*t**2 + 2*t + 2. Let v = -39 - -36. Calculate w(v).
5
Suppose 6 - 4 = -4*p + 5*o, -p + 6 = 2*o. Let v(j) = 0*j**3 + j**3 - p + 6 + j. Determine v(0).
4
Let h(p) be the third derivative of 0 + 1/12*p**4 - 5*p**2 + 0*p + 1/2*p**3. What is h(4)?
11
Suppose 0 = k - 2. Suppose 5*c = 4*c + k. Let t(j) = j**3 - j**2 - 3 + j**c + 3*j - 5*j**2. Determine t(4).
-7
Let n(d) = -5*d - 1. Let y(a) = -6*a - 2. Suppose -4*m - 3 = 4*b + b, 2*m - 6 = 0. Let z(u) = b*n(u) + 2*y(u). Give z(1).
2
Let n(w) = 2*w**2 - w. Suppose 0 = l + 3 - 5. Suppose -l*p + 6 = p. Calculate n(p).
6
Let m(p) be the third derivative of p**6/120 + p**4/24 - p**3/3 - 6*p**2. Calculate m(0).
-2
Suppose 5 = -4*s + 21. Let k(v) = -v**3 + 5*v**2 + 2*v - 4. Give k(s).
20
Let i be ((-1)/(-1))/(-2 - -1). Let s(g) = -744 + 8*g + 247 + 248 + 249. Calculate s(i).
-8
Suppose 0*g = 3*g - 21. Suppose -g*z - 5 = -2*z. Let k(y) = y**2 - y - 1. What is k(z)?
1
Let d(t) = 2*t + 1. Let z be 28/3 + (-1)/3. Let k = z - 4. Let q be (-8)/20 + (-8)/k. Determine d(q).
-3
Suppose -5*x - 39 = 46. Let q = x - -17. Let i(z) be the second derivative of z**3/6 - 3*z**2 - z. What is i(q)?
-6
Let p(z) = z + 9. Suppose -n - 3*y = 5, -5*n + 5*y - 13 = -4*n. Determine p(n).
1
Let p(q) be the second derivative of -q**2/2 - q. Let g(n) = -n + 2. Let h(b) = -g(b) - 3*p(b). Calculate h(-5).
-4
Let m = 48 - 51. Let k(r) = -4*r + 2. What is k(m)?
14
Let r(z) = -z**2 - z - 4. Suppose 0 = -6*a + 20 + 16. Suppose -d - 5*i - a = -2, -i = -4*d - 16. Give r(d).
-16
Let d = -33 + 18. Let l be (d/(-6))/((-1)/2). Let w(q) = q**2 + 2*q - 3. Calculate w(l).
12
Let f(n) = n**3 + 4*n**2 - 3*n + 5. Suppose 3*g = -2*g - 5. Let p = g - 4. Determine f(p).
-5
Let q(f) = -3*f - 4. Let o be q(-2). Suppose u + o*u = 3. Let r(s) = 8*s - 1. Calculate r(u).
7
Let c = -8 + 11. Let z(i) = 6*i + 3. Give z(c).
21
Suppose 0 = -6*w + w - 40. Let l(y) = y + 6. Let f be l(w). Let u(c) be the first derivative of -3*c**2/2 + 2. Give u(f).
6
Let m = 16 + -5. Let u(a) = -m*a + 6 - a**3 - 8*a + 18*a. Calculate u(0).
6
Let n(s) = 2*s**2 + 2*s - 2. Let t be (-12)/6 - (-2 + 3). Calculate n(t).
10
Let m(u) = 3*u**2 - 4 + u**2 - 3*u**2 - 5*u. Let h be 0 - 1/(1/(-5)). Calculate m(h).
-4
Let b(m) = -m + 13. Let a be b(11). Suppose 5*w - 4 = -4*u, 3*u - a = 4*w + 32. Let q(l) = u*l + l + l**3 - 6*l**2 - 3 - l. What is q(5)?
2
Let h(n) be the second derivative of -5/2*n**2 - 7*n - 1/2*n**4 - 1/20*n**5 + 0*n**3 + 0. Give h(-6).
-5
Let o(t) = -6*t - 3*t + 15*t - 2. Calculate o(2).
10
Suppose -2 = -4*y + 10. Let c(s) = s**3 - 4*s**2 + 3*s - 1. Give c(y).
-1
Let f be (3/(-6))/((-2)/24). Let c(t) = 5*t**3 - f*t + 4*t**2 + 0*t**3 + 0*t - 2 - 4*t**3. Give c(-5).
3
Let w(j) = -54*j**3 + 105*j**3 - j - 10 - 50*j**3. Suppose -5*z - 2*k = -4*z - 2, -5*z - 4*k + 4 = 0. Calculate w(z).
-10
Let c(w) = 1 + w - 2*w + 0. Determine c(5).
-4
Let q(y) = 7*y**3 - 1. Let a = -19 - -33. Suppose -2*h = 3*w - a, -w - 2*w = h - 13. Determine q(h).
6
Suppose 2*d = 5*j - 9, -2*j - j = -4*d + 3. Let f(n) be the first derivative of -1/3*n**j - 2*n**2 + 2 + n. Determine f(-5).
-4
Let x(s) = s**3 - 5*s**2 - 6*s - 5. Let z be x(6). Let p(u) be the second derivative of u**4/12 + u**3 + 3*u**2/2 - 3*u. Determine p(z).
-2
Let o(y) = -y - 5. Suppose 5*d = 15, 3*d - 18 = -u - 5. Suppose 2*r - 1 = 1, u*a = -5*r - 11. Determine o(a).
-1
Let k(p) = p**3 + 5*p**2 - 2*p - 6. Let g be k(-5). Suppose 0 + 8 = 4*w - 4*i, g*i - 7 = -w. Let o(x) = -w - 2*x + x + x + x**2 - 3*x. Calculate o(4).
1
Let n be (-2)/(-42) - (-6)/21. Let q(c) be the first derivative of -1/2*c**2 + 2*c - n*c**3 - 1. Calculate q(0).
2
Let v(i) be the third derivative of i**6/24 - i**5/30 + i**4/12 - i**3/6 + i**2. Let b be -1 - (3 - 18)/(-1). Let k = b + 17. Determine v(k).
4
Let g(t) = t**2 + 6*t + 3. Let j = -4 + -3. Determine g(j).
10
Let h(a) = -2*a**2 + 14*a + 3. Let y be h(7). Let d(x) = x**3 - 4*x**2 + 3*x - 3. Give d(y).
-3
Let m(a) be the second derivative of 0*a**2 + 2*a + 1/6*a**3 - 1/12*a**4 + 0. Determine m(-1).
-2
Let i(r) = r + 9. Let h be i(-7). Let g(v) = -2*v**3 - 3*v + h + v**3 - 16*v**2 + 20*v**2. Determine g(4).
-10
Suppose n + 3*n = 8. Suppose -17 = -4*q - q - c, q = 2*c + 10. Let x(t) = -q + 3 - 2*t + t**n - 2*t. Calculate x(3).
-4
Suppose -24 = 8*r - 4*r. Let o be -10*((-3)/r)/(-1). Let y(i) = -3 + 5*i**3 - 4*i**3 + 2*i**2 - o*i + 0*i**2. What is y(-3)?
3
Let o = -2 - -1. Let x(c) = 2 + 0 - 10*c**3 + 11*c - 12*c - 3. What is x(o)?
10
Suppose 23*a + 6 = 17*a. Let y(w) = 2 + 0 - 2*w + 6*w**2 - 3. Calculate y(a).
7
Let s be ((-2)/(-3))/((-3)/9). Let r be -15*(14/(-6) - s). Let n(h) = 11*h**2 - 21*h. Let k(t) = 5*t**2 - 10*t. Let y(w) = -9*k(w) + 4*n(w). Give y(r).
5
Let a(k) be the first derivative of 2/3*k**3 + 2*k - 5 + 1/4*k**4 + k**2. What is a(-2)?
-2
Let g(p) = -2*p**3 + 2*p**2 - 1. Let u be g(-1). Let y be 4/(-2) + -2 + u. Let c(i) = -8*i - 1. Determine c(y).
7
Let o(h) = 1 + 10*h - 2*h - h. Let c(j) = -j + 7. Let s be c(6). Determine o(s).
8
Let v = -9 + 14. Let f = v + -1. Let p(r) = -r + 3. Let z(x) = -3*x + 10. Let m(b) = 8*p(b) - 3*z(b). Calculate m(f).
-2
Let p be -1*6/(-4)*2. Let b(x) = 2 - 5*x - p*x + x - 1. Give b(-1).
8
Let l(a) = 4*a - 8*a + 6*a + 2*a**3 - 2 - a**3 - 4*a**2. Let v be l(4). Let k(x) = -2*x + 6. Give k(v).
-6
Let q(w) = w**2 - w - 2. Let s be 15/(-3) + 4 + -1. Give q(s).
4
Suppose 0 = 2*g + 5*m, 3*m = -2*g - 6 + 2. Let t(w) = -w. What is t(g)?
5
Let m(r) = -2*r**2 - 2*r**2 - 5*r**2. Calculate m(-1).
-9
Let t(m) = m**3 + 4*m**2 - 6*m - 6. Let r = 22 + -30. Let k(s) = -s - 13. Let n be k(r). Give t(n).
-1
Suppose l + 6 = c + 2*l, -4*c + 5*l = 12. Let p(x) be the third derivative of -2/3*x**3 + 1/24*x**4 + 0 + c*x**2 + 0*x. Determine p(3).
-1
Let w(n) be the third derivative of n**5/60 + n**4/12 - n**2. Suppose 2*h + j = 0, 3*j - j = 8. Calculate w(h).
0
Let m(d) = 2*d**3 - 2*d**2 - d + 2. Let i(w) = -w + 22. Let f be i(20). Give m(f).
8
Let j(l) = -6*l**3 + 2*l - 1. Let h(k) = -k - 3. Suppose 2*g + w = 0, 0*w + 16 = 4*w. Let y be g*(-1 - -2)*2. Let u be h(y). Calculate j(u).
-5
Suppose -3*z = 2*v + 8, v - 6*v = z + 20. Let b(l) = -3*l**3 + z*l**3 + 5*l + 2*l**3 - 2*l**2 + 3. Let w(c) = c**2 - 6*c - 10. Let s be w(7). Calculate b(s).
-3
Let s(v) = -v**3 + 7*v**2 - 7*v + 9. Let t be 51/9 + 3/9. Give s(t).
3
Suppose -5*f + x = -2